uppose 0 - 562 = -2*h. What is the tens digit of h?
8
Suppose 4*d = 3*d. Suppose 5*y + 30 = -0*w + 5*w, -4*w - 2*y + 18 = d. Suppose -w = b - 5*k + 2, -k = -4. What is the tens digit of b?
1
Suppose a + 3*h - 7 = 0, 7*h = -5*a + 2*h - 5. What is the units digit of (-43)/a + 6/(-10)?
8
Suppose -6*m = -m - 540. Let h = m - 52. What is the units digit of h?
6
Let n = 6 - 4. Let h be (8/2)/(n/10). What is the units digit of (-3)/6*h/(-2)?
5
Let s = -148 + 497. What is the units digit of s?
9
Suppose -k + 2*i - 4 = 3*k, -4*k = -4*i. Let j = 8 - k. What is the tens digit of j?
1
Let s(u) = u**3 + 8*u**2 - 11*u + 2. What is the tens digit of s(-9)?
2
Let p(m) = -m + 8. Let r be p(6). Let l(d) = 1 + d + 4*d + 2*d**2 - d**r. What is the units digit of l(-5)?
1
Suppose -4*g = -4*t - 16, -t - 18 = 4*g - 7*g. Suppose 2*m - 7 = g. Suppose -p = -m - 9. What is the units digit of p?
6
Suppose 0 = 3*n - 8*n. Suppose n = -5*p + 2*p + 36. Suppose 2*s - p = w, -4*w = 2*s - 8 - 4. What is the units digit of s?
6
Let x(h) = -5*h**2 + 6*h - 2. Let p(f) = -5*f**2 + 5*f - 2. Let c(n) = -6*p(n) + 5*x(n). What is the units digit of c(2)?
2
Let j be (-2)/4 - 63/(-6). Let q(a) = -a - 5. Let m be q(-7). Suppose -m*p + j = -0*p - 2*s, 3*p - 4*s - 13 = 0. What is the units digit of p?
7
Suppose -72 = -20*o + 19*o. What is the tens digit of o?
7
Suppose 4*s = -2*m + 248, -121 - 109 = -2*m + 5*s. Let x = m + -86. What is the tens digit of x?
3
What is the units digit of 15/(-6)*136/(-10)?
4
Suppose 2*v - 5*v + 15 = 0. Let x be v + -4 + (2 - 0). Suppose -x*g + 12 = 2*o - 9, 3*o = -2*g + 9. What is the units digit of g?
9
Let h be ((-22)/8)/(2/(-8)). What is the tens digit of -3*h*16/(-24)?
2
Let r(f) = -f + 12. Let k be r(0). Let q(h) = -2*h + 1. Let n be q(-2). Suppose n*a + 3*c + 1 - 18 = 0, -k = 4*a - 4*c. What is the units digit of a?
1
What is the units digit of (-1)/(-2) + 110/4?
8
Suppose -5*c = 2*b - 458, -c - 2*b + 94 = -4*b. What is the units digit of c?
2
Let r(c) = -2*c**2 - 5*c - 2. Let i(o) = 5*o**2 + 11*o + 5. Let n(x) = 3*i(x) + 7*r(x). What is the units digit of n(5)?
6
Let o = -45 - -99. What is the units digit of o?
4
Suppose -3*q = q - 108. What is the tens digit of q?
2
Suppose -3*r + 5*x = 3 - 16, -r + 5*x + 11 = 0. Let p = 3 - r. What is the units digit of p?
2
Let v(z) = z**3 - 12*z**2 + 15*z - 14. What is the units digit of v(11)?
0
Let p be 1 - 3/(-5 - -2). Suppose -5*k - 2*l + l + 23 = 0, p*k - 4*l - 18 = 0. Suppose 5 = -k*s, -s = -0*f + 3*f - 11. What is the units digit of f?
4
Let m(a) = -a - 5. Let l be m(-5). Suppose 0 = -l*j - 5*j. Suppose -2*p = -j*p - 22. What is the units digit of p?
1
Let y = 8 + -14. Let p(i) = -2*i - 1. What is the tens digit of p(y)?
1
What is the units digit of 52 + 12/4 + -3?
2
Suppose 0 = 5*o - 1108 + 88. What is the units digit of o?
4
Let b(a) = -a**3 - 6*a**2 + 8*a + 17. What is the units digit of b(-8)?
1
Suppose u = 25 + 121. What is the hundreds digit of u?
1
Suppose -60 = -6*d + 72. What is the units digit of d?
2
Let i = 20 - 23. Let r(m) = 6*m**2 + 5*m + 4. What is the units digit of r(i)?
3
Suppose 2 - 8 = -3*m. Let r be (28/16)/(m/40). Suppose 4*t - 5*s - 16 = 51, -3*s - r = -2*t. What is the tens digit of t?
1
Suppose 1 + 79 = 8*m. What is the units digit of m?
0
Suppose 3*g = 3*v + v - 118, -5*v + 2*g + 144 = 0. Suppose -3 = 5*n - v. What is the units digit of n?
5
Suppose 20 - 8 = 3*n. Let f be 3*n*(-12)/(-16). Suppose 0 = w + 1, 4*b - 8*b = -w - f. What is the units digit of b?
2
Suppose 581 = 5*t + 2*p, 3*t + 4*p - 7*p - 357 = 0. What is the units digit of t?
7
Suppose 6*k = k - 3*o + 18, 4*k - 13 = -o. Let x be -2*k/(-18)*9. What is the units digit of (-2)/x + 25/15?
1
Let g(c) = 2*c - 4. Let p be g(4). Let a be p/(3/(-27)*2). What is the units digit of 12/a*(-9 - 0)?
6
Let j(c) be the first derivative of c**6/360 - c**5/30 - c**4/8 - c**3/3 + 1. Let p(x) be the third derivative of j(x). What is the units digit of p(6)?
9
Let d = -47 + 76. What is the tens digit of d?
2
Let x(o) be the first derivative of 9/2*o**2 + 0*o - 3*o**3 - 1/4*o**4 - 1. What is the tens digit of x(-10)?
1
Suppose 3*y - 312 = y. What is the units digit of y?
6
Let o(f) be the second derivative of -2*f**3/3 + f**2/2 + 3*f. What is the units digit of o(-2)?
9
Suppose 0 = 2*m - k + 17, -4*k = -6 + 2. Let x(y) = -y**3 - 8*y**2 - 3*y + 5. What is the tens digit of x(m)?
2
Let w = -275 - -415. What is the hundreds digit of w?
1
Suppose a - 6*a = -20. What is the tens digit of 2/(-4)*(a + -62)?
2
What is the tens digit of 1/((0 + -4)/(-140))?
3
Let v be 2 + 1 + -5 + 4. Suppose -2*j + 48 = x + x, 0 = v*x - 4. What is the units digit of j - 2 - (3 - 2)?
9
Let d(z) = 2 - 1 - 4 - 4*z. What is the units digit of d(-7)?
5
Let t(o) = -o**3 - 13*o**2 - 11*o + 15. Let d be t(-12). Suppose k - 2 = 2*x - 0, -9 = -d*k + 3*x. What is the units digit of k?
4
Let h(z) = -1 + z + 3*z**2 + 13*z**2 - 2*z - 3*z**2. What is the units digit of h(-1)?
3
Suppose -5*q + 17 = 3*t - 3*q, -4*t + 3*q + 17 = 0. Suppose -t + 1 = -d. Let n = -2 + d. What is the units digit of n?
2
Let z be 2/(-4) + (-45)/(-10). Suppose l = -5, 0 = -z*w + 3*w + 3*l - 143. What is the units digit of (-4)/22 - w/22?
7
Suppose -2*l = 5*f - 58, -4*l = 3*f - 4*f - 6. Let c = 13 - f. What is the units digit of (c/(-9))/(2/(-6))?
1
Suppose -4*f + 7 = -3*q, 3 = -5*f + 4*q + 13. What is the units digit of (f - -2) + (-2)/(-2)?
1
Let i = 87 - 37. What is the units digit of i?
0
Let b = 8 - 3. Let i(n) = n**2 + n - 6. Let k be i(-5). Suppose 4*q - 32 = -5*o + k, 0 = -2*o + b*q - 8. What is the units digit of o?
6
Let u(t) = -t**3 - 2*t**2 + 4*t + 1. Let a be u(-3). Let x = 0 - a. What is the units digit of x?
2
Let w(o) = 6*o - 31. What is the units digit of w(10)?
9
Let q(p) = p**3 - 8*p**2 - 3*p + 12. What is the tens digit of q(9)?
6
Let f(p) = -2*p**3 + 2*p**2 + 2*p + 1. What is the tens digit of f(-2)?
2
Let q = -19 - -10. Let o = 15 + q. What is the units digit of o?
6
Suppose -3*w + 3 = -z - 1, -4*w + 10 = z. Let q = -3 - -6. Suppose -z*n + 40 = q*n. What is the units digit of n?
8
Suppose 3*c - 113 = 118. What is the units digit of c?
7
Let y = 52 - 27. What is the tens digit of y?
2
Suppose -p = -5*t + 13 - 41, 0 = -3*p + 3*t + 132. Suppose 4*c = c + p. What is the units digit of c?
6
Suppose r + 0*r - 2 = 0. What is the units digit of r?
2
Let n = -120 - -210. What is the tens digit of n?
9
Let t(o) = -4*o - 1. Let b be t(-6). Let w = -6 + b. What is the units digit of w?
7
Suppose -2*j - 4 = -0*g - 3*g, j - 2*g + 3 = 0. What is the units digit of 2/(-6)*j*-6?
2
Suppose -22 = 3*c - 5*z, -12 = -4*c + 2*c - 2*z. Let p = c - -5. What is the tens digit of (4/p)/((-9)/(-189))?
1
Suppose -2*h + 3 = -3. Suppose m + 3*m = -5*k + 51, 4*m - 37 = -h*k. What is the units digit of k?
7
Let v(t) = -7*t**2 - 10*t - 2. Let f(g) = g**2 + g. Let h be 47/(-9) + 14/63. Let w(n) = h*f(n) - v(n). What is the units digit of w(-4)?
4
What is the tens digit of 1108/36 + (-4)/(-18)?
3
Suppose 8*z - 4*z + 48 = 0. Let h be 2/6 + (-260)/z. Suppose -7*c - h = -j - 2*c, c + 2 = -j. What is the units digit of j?
2
Let q(k) = k**3 - 9*k**2 + 2*k - 1. Let g(j) = j**3 - 3*j**2 - j - 3. Let i be g(4). What is the tens digit of q(i)?
1
Let v be (-5)/(-15) - 2/6. Let y be (-5 - -5)/(-2 - 0). Suppose y = -x + 4 - v. What is the units digit of x?
4
Let u = -29 - -86. Let q = u + -41. What is the tens digit of q?
1
Suppose 5*b + 20 = -0*b. What is the units digit of b + 5 - -2*7?
5
Let v = -3 + 9. Suppose -w - 1 = -v, 25 = 4*o + 5*w. What is the units digit of 8/(-4) + (o - -10)?
8
Let f(u) = -u + 6. Let k be f(5). Suppose -2 = -4*t + 10. What is the units digit of (0 + k - 0)*t?
3
Let z = -3 + 5. Suppose 2*k + z*k = -d + 39, 3*k = 4*d + 53. What is the tens digit of k?
1
What is the units digit of (-15)/6*(-58)/5?
9
Suppose -5*x + 0*h = 2*h - 124, -4*h = 3*x - 80. Let z(y) = -y**3 + 7*y**2 + 9*y. Let n be z(8). Suppose -x = -2*l - n. What is the units digit of l?
8
Let m(p) = -4*p - 11. Let s(h) = h + 2. Let y(g) = 2*m(g) + 11*s(g). Let c be y(2). Let n = c + 5. What is the tens digit of n?
1
Let f(w) = 2*w**2 - 13*w - 12. What is the hundreds digit of f(-6)?
1
Suppose 4*q = 18 + 38. Suppose 0 = -3*x + 25 + q. What is 